).
5
Let b(n) = n**3 + 2*n + 3. Suppose -3*t + 23 = 3*j + 8, -4*t = -j - 25. Let q be ((-9)/t)/((-6)/(-8)). Calculate b(q).
-9
Let j(m) = -m**3 - 7*m**2 - 5*m + 6. Let d(o) = o**2 - 2*o - 10. Let u be d(7). Suppose 2*h - u = 4*r - 5, 0 = 4*r + 5*h + 34. Give j(r).
0
Let r(i) be the third derivative of -1/24*i**4 + 0 + 1/2*i**3 + 0*i - 3*i**2. Give r(3).
0
Suppose 4*d + 3*o - 13 = 0, 3*d + 2*o + 0*o - 9 = 0. Let a(j) = j - 7*j**2 + 6*j**3 + j**2 + 5*j**2 - 1 + 0. Calculate a(d).
5
Let d(w) = w**2 - 8*w + 9. Let p = 40 - 34. What is d(p)?
-3
Let y(c) = c**2 - 2*c + 4. Let x(b) = 2*b**2 - 4*b + 3. Let d = 4 - 2. Let f be x(d). Determine y(f).
7
Let q(g) be the third derivative of -g**4/24 + 7*g**3/6 - 14*g**2. Let s(d) = -d**3 + 4*d**2 + 7*d - 7. Let j be s(5). Determine q(j).
4
Let w(j) be the third derivative of -j**4/24 + j**3/2 + 16*j**2. Give w(7).
-4
Let s = 5 - 7. Let h be (-4)/(-1)*(0 - s). Let v be 0/(-2) - h/(-2). Let q(o) = -o**3 + 5*o**2 - 5*o + 6. What is q(v)?
2
Let s(o) be the first derivative of o**2 - 6*o + 1. Suppose -5*c + 5 = -5. Suppose -4 - 8 = -c*n. Give s(n).
6
Let z(c) = -c**2 + 1. Let o(p) = p**3 - 6*p**2 + 6*p + 1. Let w(v) = -o(v) - 2*z(v). Let f be (-21)/2*4/(-6). Let d be w(f). Let l(a) = -a - 1. What is l(d)?
-5
Let u(f) = -2*f - 12. Let s be u(-8). Let l(v) = v + 3. What is l(s)?
7
Suppose -4*d + 4 = g, 2*d + 0*d - 4*g + 16 = 0. Let z be (1 - 0)/(8/16). Let x(m) = m + 8 - z + 0. What is x(d)?
6
Suppose -2*z + 4*z = 0. Suppose -4 + z = u, -15 = -i + 3*u. Suppose 5*r + 7*j - i*j = -14, -r + 5*j = -3. Let p(n) = n**2 + 3*n + 1. Calculate p(r).
-1
Let r = -21 - -22. Let y(v) = -9*v. What is y(r)?
-9
Let w(i) be the first derivative of -i**2 - 6*i + 27. What is w(-7)?
8
Let v(q) = q**3 + 6*q**2 + 6*q. Let p be (-27)/6*1 - 2/4. What is v(p)?
-5
Let m(b) = -652*b**2 + 6 - b**3 + 3*b + 2 + 646*b**2. What is m(-6)?
-10
Let a(h) = 10*h**3 + 18*h**2 + 16. Let s(t) = 3*t**3 + 6*t**2 + 5. Let q(z) = -2*a(z) + 7*s(z). What is q(-6)?
3
Suppose 2*z = -2*z - 16. Let b be (-6)/z*8/(-3). Let g(t) = t**3 + 5*t**2 + 4*t + 2. Calculate g(b).
2
Suppose 2*n + 6 = -0*n. Let y(v) = -v**2 + v - 1. Let c(j) = 2*j**2 - 7*j + 8. Let x(t) = -c(t) - 4*y(t). Give x(n).
5
Let r(o) = o**2 + 11*o + 8. Let j be r(-10). Let q(a) = 4*a. Give q(j).
-8
Let n(d) = -d**3 - 2 + 0*d**2 - 3*d - 4*d**2 - 2*d. Let l = 35 - 38. What is n(l)?
4
Let c(z) = 5*z + 13. Let v(x) = x + 2. Let b(s) = -c(s) + 4*v(s). What is b(-3)?
-2
Let b(o) = -6*o - 26. Let x be b(-5). Let i(m) = m - 9. Let g(r) = -1. Let v(y) = -5*g(y) + i(y). Determine v(x).
0
Let f(c) = -c - 2. Let r(i) = i + 1. Let q(m) = 4*f(m) + 5*r(m). Give q(3).
0
Suppose 5*t = 5*t + 4*t. Let w(u) be the third derivative of 1/2*u**3 + t*u + 1/120*u**6 + 0 - 1/24*u**4 + 1/30*u**5 + 4*u**2. Determine w(-3).
-3
Let g(c) = -c**2 - 1 - 3*c**3 + 5*c + 4*c**3 + 0*c**3 - 5*c**2. Suppose -3*w - 5 = 2*p, 5*p + 19 = p + 3*w. Let i = p + 9. What is g(i)?
-1
Let n = -18 + 16. Let d(f) = -3*f. Calculate d(n).
6
Let y(d) = d**2 - 5*d - 2. Let b be y(6). Let g(f) = 8 - b + 1 - f. Let c = 6 - 2. Give g(c).
1
Let p(j) be the second derivative of -j**8/6720 - j**6/360 - j**5/40 - j**4/4 + j. Let s(t) be the third derivative of p(t). What is s(-2)?
9
Let g(n) = -2*n - 9. Let b = 6 + -5. Let v be b*5*30/(-25). Determine g(v).
3
Suppose -s + 2*s - 6 = 0. Let o(a) = -a + 4. What is o(s)?
-2
Let z(n) = 5*n**3 + n**2 - 6*n - 19. Let k(j) = j**3 - j. Let a(r) = 6*k(r) - z(r). What is a(0)?
19
Suppose -2 = -q - 1. Let d be (3 - 3)*q/2. Let n(j) = -5*j**2 - j + 5. Let v(x) = -6*x**2 - x + 6. Let a(f) = -5*n(f) + 4*v(f). Calculate a(d).
-1
Suppose 7 = -t - 2*u - 2, -4*u = 4*t + 20. Suppose -2*y - 25 = -3*y + 5*f, 4*y - 5*f = 40. Let g(z) = -2*z + 0*z - 1 + y*z. What is g(t)?
-4
Let j(r) be the first derivative of 2*r + 2 + 1/2*r**2. Determine j(-4).
-2
Let f(a) be the second derivative of a**7/280 - a**6/360 + a**5/120 - a**4/24 + a**3/2 + 2*a. Let n(m) be the second derivative of f(m). What is n(1)?
2
Let d(a) = a**2 - 10*a + 9. Let w(u) = -u + 4. Let m be w(-2). Calculate d(m).
-15
Let t(y) = -y**3 - 3*y**2 + 4*y + 3. Let q(u) = -2*u**3 - 6*u**2 + 9*u + 7. Let c(z) = 6*q(z) - 13*t(z). Determine c(-2).
3
Let y(v) be the third derivative of -v**4/12 + 3*v**2. What is y(2)?
-4
Let l(q) be the first derivative of -q**4 - 2*q**3/3 + q**2 - q + 11. Determine l(1).
-5
Let t be 1/(-4) - (-26)/8. Suppose -8 - 7 = -t*c. Let l(y) = -y + 7. Let x be l(c). Let r(h) = -h**2 + 5*h - 1. What is r(x)?
5
Let m be (5*-1)/(5/(-5)). Let r(d) = d**2 - 6*d - 5. Let s be r(7). Let x(y) = -y**2 + s - 5 - 3 + 6*y. What is x(m)?
-1
Let l be ((-16)/(-4) + -4)/2. Let g(u) be the third derivative of 1/6*u**3 + l*u**4 - 1/60*u**5 + 1/40*u**6 + 0 + 2*u**2 + 0*u. Give g(-1).
-3
Let o(d) be the second derivative of 0 - 3/2*d**2 + d**3 + d. Let m(u) = u**2 + 11*u + 2. Let w be m(-11). Calculate o(w).
9
Let y(x) = -5 + x + 0 - 1. Let o be y(10). Suppose o*v - 2*v = 4. Let t(z) = -z**3 + 3*z**2 - 4*z + 2. What is t(v)?
-2
Suppose 5*u - 4*v - 9 = 0, 4*v - 26 = -4*u + 2*u. Suppose u*o - 3*o = 8. Let l = 5 - o. Let g(x) = -x**2. Give g(l).
-1
Let w(a) be the first derivative of -1/3*a**3 + 0*a + 5/2*a**2 - 2. What is w(5)?
0
Let m(r) = r - 2. Suppose 0 = 3*q + 5*q. Determine m(q).
-2
Let r(j) = 0 + 5*j**2 - 2*j**3 + 2 + 3*j**3 - 7*j. Suppose 4*z + 21 = -5*x - 17, 5*x + z = -32. Calculate r(x).
8
Let r(o) = -o**3 - o**2 + o - 1. Let c(n) be the second derivative of n**5/4 + 11*n**4/12 - 5*n**3/3 + 11*n**2/2 + 2*n. Let j(v) = -c(v) - 6*r(v). What is j(4)?
-5
Let u(z) = -z**2 + 8*z + 2. Let w(l) = -l**2 + l. Let g(h) = u(h) - 4*w(h). What is g(-2)?
6
Let s(t) = -t - 3. Let c be s(-6). Let i(o) = o**3 - 2*o**2 - 2*o - 1. Let w be i(3). Let f(y) = -2*y + 0 + 2*y**w + 3 - 7. Calculate f(c).
8
Let l(r) = r**3 - 7*r**2 + 5*r - 3. Let k be l(6). Let s = k + 9. Let d(y) = -26 + s*y - 3*y + 23. Give d(-5).
12
Suppose 5*r + 0*r - 15 = 0. Let u = 4 - r. Let p(v) = 3*v + 30*v**3 - v**2 - 1 - 26*v**3 + 0*v - 2*v. What is p(u)?
3
Let z = 4 - 6. Let n(a) be the third derivative of -a**4/8 - a**3/6 - 31*a**2. Give n(z).
5
Let g(n) = -n**2 - n - 6. Let m be g(0). Let l(a) = 1. Let h(w) = w + 4. Let o(u) = m*l(u) + h(u). Suppose 4*f + 7 + 13 = 0. What is o(f)?
-7
Let u(l) be the first derivative of -l**4/4 - 5*l**3/3 + 3*l**2 + 4*l + 2. Calculate u(-6).
4
Let k(q) be the second derivative of q**5/20 + 2*q**4/3 + 4*q**3/3 + q**2 + 5*q - 5. Determine k(-7).
-5
Let t(c) = 2*c - 3. Let a be t(4). Suppose -a*o = -10, n - 5 = -0*n - 5*o. Let l(x) = 2*x + 6. Let v(k) = -2*k - 5. Let p(m) = -4*l(m) - 5*v(m). Determine p(n).
-9
Let w(j) = -j**2 + j. Let d(z) be the second derivative of -z**4/6 + 9*z**2/2 - z. Let c(r) = d(r) - w(r). Determine c(0).
9
Let m(o) = 0 + 6*o - 1 + 5 + o**2 - 2. What is m(-5)?
-3
Let z(n) = -n + 2. Suppose 0 = 5*c + 5 - 25. Suppose c + 11 = 3*d. Give z(d).
-3
Let a(q) be the first derivative of q**4/4 + q**3 - 7*q**2/2 - 6*q - 11. Determine a(-4).
6
Let t(q) = -2*q - 9. Let g(h) = -h - 1. Let b(v) = -4*g(v) + t(v). Let r = 64 - 39. Suppose -r = s - 6*s. Give b(s).
5
Let n(z) = -4 + z + z + z. Suppose 0*f + 12 = 4*f. Determine n(f).
5
Let l(n) be the third derivative of n**4/12 - 7*n**3/6 + 11*n**2. Calculate l(5).
3
Suppose -o + 8 = -3*o. Let y(j) be the first derivative of 6*j + 3/2*j**2 + 2. Determine y(o).
-6
Let p(v) = -20*v + 20. Let g(c) = -7*c + 7. Let d(b) = -17*g(b) + 6*p(b). Suppose -5*n + 72 = 7*n. Give d(n).
-5
Let n = -2 - -1. Let s = -3 + n. Let g be (-3)/(-4) + 23/s. Let r(h) = h**2 + 5*h + 2. What is r(g)?
2
Suppose -9 - 1 = -2*j. Suppose -j*r + 3*r = 6. Let f(y) = y - 1. Determine f(r).
-4
Suppose l - 20 = -3*l. Suppose -10 = -l*u + 3*u. Let x(m) = m**3 - 6*m**2 + 6*m - 1. Calculate x(u).
4
Let f(q) = 5 + q - 11 - 5*q. Give f(-5).
14
Let m(o) be the second derivative of o**4/12 - o**3/3 - o**2/2 - 26*o. Suppose x - 2*x - 1 = 0. Calculate m(x).
2
Let m(i) = 3*i**2 + 2*i + 1. Let b(k) = -k - 2. Let o be b(-6). Suppose -o - 1 = 5*t. What is m(t)?
2
Let v = -13 - -8. Let i(a) be the first derivative of -a - 1/3*a**3 + 2 - 2*a**2. Give i(v).
-6
Let r(p) be the second derivative of -p**3/6 + 19*p**2/2 - 2*p. Let l be r(14). Let c(n) = 0 + 3 - 3 - l*n. Give c(-1).